2191 - 2153. List the prime factors of w.
1087
Suppose -5*a + 33 + 247 = 0. Suppose 65*m - 73*m = 0. Suppose g = 4*u - g - a, -2*u - 3*g + 28 = m. What are the prime factors of u?
2, 7
Suppose 0 = -14*c - 2*c - 87333 + 476485. List the prime factors of c.
2, 12161
Suppose -97 = -p - 7. Let m = 96 - p. Suppose y = -5*h + 201, -4*h + m*y - 2*y + 156 = 0. List the prime factors of h.
2, 5
Let y be (-2)/(162/(-30) - -5). Suppose 5*i - 2142 = 2*i + 5*s, -y*i = -2*s - 3589. List the prime factors of i.
719
Suppose -4*z = -3*u - 5, z - 3*z = -3*u - 7. What are the prime factors of 0 + -1 - 779/z?
2, 389
Let y be 2/(-3)*-6*(4 - 3). Suppose 4*n + 0*v - y*v = 32, -2*v = -5*n + 25. Suppose n*x = 6*x - 453. What are the prime factors of x?
151
Suppose 12*a = -4*b + 8*a + 7464, 5*b - 9312 = 4*a. Let i = -878 + b. List the prime factors of i.
2, 17, 29
Let q = -46 - -50. Suppose -4*b - q + 20 = 0, -l = -3*b. Suppose l*d = 9*d + 420. What are the prime factors of d?
2, 5, 7
Suppose 3*p = p - 3*a + 743, 1102 = 3*p + 2*a. Let q = p - 227. What are the prime factors of q?
137
Let a(i) = i**2 - i - 1. Let n(j) = 2*j**2 + 8*j - 16. Let y(g) = 3*a(g) - n(g). Let s be ((-4)/(-2))/((-4)/(-30)). List the prime factors of y(s).
73
Let p(y) = -5*y**3 - 2*y**2 + 2*y + 1. Let u be p(1). What are the prime factors of 2*(2 + (-1326)/u)?
23, 29
Let v = -668 + 663. Let f = 20 + -5. List the prime factors of 9/f - 67/v.
2, 7
Let a(i) = 685*i + 25012. List the prime factors of a(0).
2, 13, 37
Let d = 1205 - 1212. Let o(y) be the second derivative of y**4/3 + y**3/6 - 13*y**2/2 - 2*y. What are the prime factors of o(d)?
2, 11
Let d(c) = -575*c**2 - 2*c + 2. Let p be d(-4). Let o be (-2)/7 - p/70. Suppose -5*w - o = -1101. What are the prime factors of w?
2, 97
Let y = 655 - 662. What are the prime factors of ((-7931)/(-22))/((-1)/(y - -3))?
2, 7, 103
Let l(q) = -q**2 - 23*q - 10. Let z be l(-17). Suppose 4*y = a - 14, -z = -4*a - 2*y - 0*y. What are the prime factors of a?
2, 11
Suppose 0 = 354*c - 364*c + 65050. What are the prime factors of c?
5, 1301
List the prime factors of 584578/28 - 11/((-3542)/69).
2, 11, 13, 73
Suppose -6*d + 32 = 2*d. Suppose -2*q = -d*b + 207 - 935, -4*q + 1444 = -4*b. What are the prime factors of q?
2, 179
Let m(a) be the second derivative of 3*a**3 - 11*a**2/2 - 12*a. Let y be m(7). Suppose -z = 5*x - 300, -4*x - y = 3*z - 355. What are the prime factors of x?
2, 3, 5
Suppose 0 = 4*o - 4, -3015 - 264 = -4*r + o. Let q = r + -432. List the prime factors of q.
2, 97
Let z(f) = 2*f**2 + 18*f + 38. Let u be z(-7). Suppose 8*p + v + 564 = u*p, -3*v = 0. What are the prime factors of p?
2, 3, 47
Let d(u) = -2*u + 368. Let b be d(0). Let c = -231 + b. Suppose -2*i + 2*s = -118, -4*i - 5*s + c = -i. List the prime factors of i.
2, 3
Suppose 4*h = -t + 2, 0 = 5*t - h + 6*h - 10. Suppose 0 = -2*d - 2*i + 342, -i + 266 = t*d - 81. What are the prime factors of d?
2, 11
Suppose -5*d - 110*f + 39045 = -105*f, 5*d - 38985 = 5*f. List the prime factors of d.
3, 17
Suppose d = -0*d + 88. Let w = -156 + d. Let b = w - -105. What are the prime factors of b?
37
Let c = -16889 + 31887. List the prime factors of c.
2, 7499
Let x = -10 - 22. Suppose 3*k = 4*p + 329, -3*k + 204 = 2*p - 95. Let f = x + k. What are the prime factors of f?
71
Suppose -26*a - 208259 = -697683. What are the prime factors of a?
2, 13, 181
List the prime factors of 22/(-704)*-16*(148682 - 0).
17, 4373
Let q be ((-126)/28 - -5)*(-204 - -2). Let d = -163 + 298. Let h = d + q. List the prime factors of h.
2, 17
Let c = -77 + 128. Suppose 14 - c = -z. Let v = 42 + z. What are the prime factors of v?
79
Let q(b) = 2*b**3 + 23*b**2 - 211*b + 140. What are the prime factors of q(27)?
2, 29, 109
Let t(r) = -r**3 + 12*r**2 + 15*r - 24. Let y be t(13). Suppose 5*w - 5*d - 1115 = 0, y*w - 256 = d + 194. What are the prime factors of w?
227
Let r(n) = -n**3 - 7*n**2 + 6*n - 8. Let o be r(-8). Suppose -22 - 66 = -o*u. What are the prime factors of u + -11 + 79*(-2)/(-2)?
79
Let f = -681 - -526. Let a = -33 - 1. Let k = a - f. What are the prime factors of k?
11
Suppose -t + 5*f + 17 = 0, f = 4*f + 3. Let s be t/15 + -1 - 3192/(-10). Suppose 7*i = l + 3*i - 115, -i + s = 3*l. List the prime factors of l.
107
Let p be ((-7)/(-4) - 1/(-4)) + 6. Let i be (p + -1)*42/49 + -3. Suppose 4*r - 309 + 86 = i*h, h = 3*r - 171. What are the prime factors of r?
2, 29
List the prime factors of (7 + -4)/((-15)/(-35260)).
2, 41, 43
Let k = -102 - -75. Let n(l) = -8*l - 89. Let t be n(k). Let b = 211 - t. What are the prime factors of b?
2, 3, 7
Let s = 1470 - 830. Let w = s + 106. What are the prime factors of w?
2, 373
Suppose -166*d - 88996 = -377338. List the prime factors of d.
3, 193
Suppose -68*z + 18*z - 88241 + 917791 = 0. What are the prime factors of z?
47, 353
Let z(k) = 4426*k + 447. What are the prime factors of z(3)?
3, 5, 61
Suppose t = m - 1, -3 = m - 2*m + 2*t. Let r be ((-112)/21)/(m/(-3)). List the prime factors of -2*136/(r/4).
2, 17
Suppose -2*s - v + 4*v = -3946, 3*s - 5893 = -2*v. Let y = s + -61. What are the prime factors of y?
2, 953
Suppose -12 = -23*w + 20*w. Suppose -3 + 23 = w*p. Suppose -p*o + 12*o = 49. What are the prime factors of o?
7
Let s = 250 + -250. Suppose -258*m + 260*m - 764 = s. List the prime factors of m.
2, 191
Suppose -7*t + 2*i - 16352 = -9*t, -t + 5*i = -8176. List the prime factors of t.
2, 7, 73
Suppose 2*y - 4*p = 17916, 3*y - 338*p = -333*p + 26872. What are the prime factors of y?
2, 11, 37
Let h(q) = 42*q**2 - 3*q. Let r be 5/((5/2)/1). Let g be h(r). Let d = 315 - g. List the prime factors of d.
3, 17
Let g = 10458 + 2853. List the prime factors of g.
3, 17, 29
Suppose -58*c + 744 = -61*c. Let v = 404 - c. List the prime factors of v.
2, 163
Let n = -243 - -245. Suppose 5*w - 4041 = -n*c, 4*c + 805 = w + 6*c. List the prime factors of w.
809
Suppose 3*v - 3*p - 21 = 0, -1 + 5 = v + 2*p. Suppose v*o = 18*o - 60. List the prime factors of o.
5
Suppose 481*c = 520*c - 1260402. List the prime factors of c.
2, 11, 13, 113
Let s(c) = -10*c - 276. Let h be s(-28). Suppose 0 = 2*g - 3*d - 801, 0 = h*g + 7*d - 4*d - 1593. List the prime factors of g.
3, 7, 19
Let a = -19500 + 34659. What are the prime factors of a?
3, 31, 163
Suppose -32*r + 291792 = 210373 - 462645. What are the prime factors of r?
2, 8501
Let b = 86 + -83. Let n be b/(-2)*(-16)/(-48)*-4. Suppose -245 = -n*k + 217. List the prime factors of k.
3, 7, 11
Suppose 2126*o - 2150*o + 1222368 = 0. List the prime factors of o.
2, 7, 17, 107
Let g be 15/(4 + -1) - -22. Suppose 7 = 4*y + 5*j - 34, -g = -3*y - 3*j. Suppose 400 = y*z - 32. What are the prime factors of z?
2, 3
Suppose -66 = -54*v + 52*v. Let o = v + -30. Suppose 4*x - 562 - 442 = -5*k, 0 = o*k + 5*x - 592. What are the prime factors of k?
2, 3, 17
Let d(h) = -4*h + 122. Let k be d(27). Suppose -5665 = 3*t - k*t. List the prime factors of t.
5, 103
Let d(p) = -p**3 - 19*p**2 - 80*p - 62. Let k be d(-28). Suppose -n + 4*u + 1850 = 0, -5*n - 11*u + k = -15*u. What are the prime factors of n?
2, 13, 71
Let b = 11337 + -6805. What are the prime factors of b?
2, 11, 103
What are the prime factors of (-96)/30*5 - -13251?
5, 2647
Let c(n) = -n**2 + 2. Let k(v) = 3*v**2 - 10*v + 54. Let f(j) = 2*c(j) + k(j). What are the prime factors of f(17)?
3, 59
Suppose -3*c = -3*z + 18, z - 6*z = -3*c - 24. Suppose d = -4*p + 56, 0*p - z*p + 43 = d. Suppose -p = -3*i + 101. What are the prime factors of i?
2, 19
Suppose 16816 - 1810 = 6*i. List the prime factors of i.
41, 61
Let a(r) = -491*r**3 + 2*r**2 + 25*r + 126. What are the prime factors of a(-4)?
2, 3, 11, 53
Suppose -6 = -3*i, 36*a - 38*a + 2*i + 13962 = 0. What are the prime factors of a?
6983
Let u(t) = 21289*t**2 + 534*t + 1068. List the prime factors of u(-2).
2, 61, 349
Suppose 3*m + 28 = 4*q, 18*m - 16*m = q - 12. Suppose 4*i - 120 = -q*k + 3*k, k + 2*i = 114. List the prime factors of k.
2, 3
Suppose -23*f - 110 = -28*f. Let w be f/4 - (-7)/(-14). Suppose w*k + 25 = 55. What are the prime factors of k?
2, 3
Let x be (2/(-4))/((-6)/228). Let l be 86 + 25/5 + (-3 - -8). Suppose -17*c + x*c - l = 0. What are the prime factors of c?
2, 3
Let p = -206 + 208. List the prime factors of (0 + p/3)/((-18)/(-108